2351
What are the prime factors of 44379?
3, 4931
List the prime factors of 1320.
2, 3, 5, 11
What are the prime factors of 500?
2, 5
List the prime factors of 327.
3, 109
What are the prime factors of 65?
5, 13
List the prime factors of 17933.
79, 227
What are the prime factors of 1096?
2, 137
List the prime factors of 2779.
7, 397
What are the prime factors of 7231?
7, 1033
List the prime factors of 6721.
11, 13, 47
What are the prime factors of 1545?
3, 5, 103
What are the prime factors of 30142?
2, 7, 2153
List the prime factors of 1263.
3, 421
List the prime factors of 59216.
2, 3701
What are the prime factors of 8988?
2, 3, 7, 107
List the prime factors of 2844.
2, 3, 79
List the prime factors of 2826.
2, 3, 157
List the prime factors of 11257.
11257
List the prime factors of 24105.
3, 5, 1607
List the prime factors of 3533.
3533
What are the prime factors of 129?
3, 43
List the prime factors of 15312.
2, 3, 11, 29
List the prime factors of 963.
3, 107
What are the prime factors of 6953?
17, 409
What are the prime factors of 8946?
2, 3, 7, 71
What are the prime factors of 17331?
3, 53, 109
List the prime factors of 39264.
2, 3, 409
List the prime factors of 2945.
5, 19, 31
What are the prime factors of 29616?
2, 3, 617
What are the prime factors of 45368?
2, 53, 107
What are the prime factors of 12386?
2, 11, 563
What are the prime factors of 2208?
2, 3, 23
List the prime factors of 1149.
3, 383
List the prime factors of 35800.
2, 5, 179
List the prime factors of 126144.
2, 3, 73
List the prime factors of 287.
7, 41
What are the prime factors of 100572?
2, 3, 17, 29
List the prime factors of 18753.
3, 7, 19, 47
What are the prime factors of 828?
2, 3, 23
List the prime factors of 56237.
56237
List the prime factors of 3031.
7, 433
List the prime factors of 1706.
2, 853
List the prime factors of 294.
2, 3, 7
What are the prime factors of 2640?
2, 3, 5, 11
List the prime factors of 2421.
3, 269
List the prime factors of 38918.
2, 11, 29, 61
List the prime factors of 46098.
2, 3, 13, 197
List the prime factors of 5835.
3, 5, 389
What are the prime factors of 724?
2, 181
What are the prime factors of 17853?
3, 11, 541
List the prime factors of 3724.
2, 7, 19
List the prime factors of 112526.
2, 56263
What are the prime factors of 1817?
23, 79
List the prime factors of 9022.
2, 13, 347
List the prime factors of 1059.
3, 353
List the prime factors of 2636.
2, 659
What are the prime factors of 206?
2, 103
What are the prime factors of 41875?
5, 67
List the prime factors of 2899.
13, 223
What are the prime factors of 1630?
2, 5, 163
List the prime factors of 2622.
2, 3, 19, 23
List the prime factors of 29428.
2, 7, 1051
What are the prime factors of 2263?
31, 73
What are the prime factors of 734?
2, 367
List the prime factors of 4333.
7, 619
What are the prime factors of 13420?
2, 5, 11, 61
What are the prime factors of 3175?
5, 127
List the prime factors of 4888.
2, 13, 47
What are the prime factors of 152970?
2, 3, 5, 5099
List the prime factors of 12467.
7, 13, 137
What are the prime factors of 3429?
3, 127
List the prime factors of 2938.
2, 13, 113
What are the prime factors of 3566?
2, 1783
List the prime factors of 1255.
5, 251
What are the prime factors of 1167?
3, 389
List the prime factors of 120200.
2, 5, 601
What are the prime factors of 1309?
7, 11, 17
What are the prime factors of 42905?
5, 8581
List the prime factors of 56259.
3, 7, 19, 47
What are the prime factors of 3490?
2, 5, 349
What are the prime factors of 24547?
24547
List the prime factors of 5120.
2, 5
List the prime factors of 29920.
2, 5, 11, 17
What are the prime factors of 1201?
1201
What are the prime factors of 1527?
3, 509
List the prime factors of 70043.
89, 787
What are the prime factors of 6864?
2, 3, 11, 13
List the prime factors of 5242.
2, 2621
List the prime factors of 4514.
2, 37, 61
List the prime factors of 8338.
2, 11, 379
What are the prime factors of 992?
2, 31
What are the prime factors of 8553?
3, 2851
List the prime factors of 5598.
2, 3, 311
List the prime factors of 2241.
3, 83
List the prime factors of 8940.
2, 3, 5, 149
What are the prime factors of 810?
2, 3, 5
List the prime factors of 6323.
6323
List the prime factors of 104851.
104851
What are the prime factors of 9340?
2, 5, 467
List the prime factors of 9222.
2, 3, 29, 53
What are the prime factors of 101400?
2, 3, 5, 13
List the prime factors of 13656.
2, 3, 569
What are the prime factors of 3083?
3083
List the prime factors of 176040.
2, 3, 5, 163
List the prime factors of 8224.
2, 257
List the prime factors of 64380.
2, 3, 5, 29, 37
List the prime factors of 555.
3, 5, 37
List the prime factors of 3301.
3301
What are the prime factors of 697?
17, 41
What are the prime factors of 10976?
2, 7
List the prime factors of 4651.
4651
List the prime factors of 22899.
3, 17, 449
What are the prime factors of 286?
2, 11, 13
List the prime factors of 4678.
2, 2339
List the prime factors of 298.
2, 149
What are the prime factors of 1585?
5, 317
List the prime factors of 5012.
2, 7, 179
List the prime factors of 3331.
3331
What are the prime factors of 59234?
2, 7, 4231
What are the prime factors of 1170?
2, 3, 5, 13
List the prime factors of 36973.
36973
List the prime factors of 113914.
2, 56957
List the prime factors of 767.
13, 59
List the prime factors of 15400.
2, 5, 7, 11
List the prime factors of 30112.
2, 941
What are the prime factors of 9215?
5, 19, 97
What are the prime factors of 142?
2, 71
List the prime factors of 581.
7, 83
List the prime factors of 260.
2, 5, 13
What are the prime factors of 24490?
2, 5, 31, 79
List the prime factors of 340.
2, 5, 17
List the prime factors of 644.
2, 7, 23
List the prime factors of 173.
173
List the prime factors of 15930.
2, 3, 5, 59
List the prime factors of 9153.
3, 113
List the prime factors of 72888.
2, 3, 3037
List the prime factors of 2301.
3, 13, 59
What are the prime factors of 1217?
1217
List the prime factors of 13496.
2, 7, 241
What are the prime factors of 68921?
41
What are the prime factors of 2949?
3, 983
What are the prime factors of 3690?
2, 3, 5, 41
List the prime factors of 3189.
3, 1063
List the prime factors of 10542.
2, 3, 7, 251
List the prime factors of 1469.
13, 113
List the prime factors of 38818.
2, 13, 1493
What are the prime factors of 1628?
2, 11, 37
List the prime factors of 1783.
1783
What are the prime factors of 1877?
1877
List the prime factors of 76239.
3, 43, 197
What are the prime factors of 579?
3, 193
List the prime factors of 96655.
5, 13, 1487
List the prime factors of 21970.
2, 5, 13
What are the prime factors of 1816?
2, 227
What are the prime factors of 4756?
2, 29, 41
List the prime factors of 26987.
26987
List the prime factors of 6085.
5, 1217
What are the prime factors of 25461?
3, 23, 41
What are the prime factors of 98739?
3, 23, 53
List the prime factors of 5021.
5021
List the prime factors of 11.
11
What are the prime factors of 93590?
2, 5, 7, 191
What are the prime factors of 660?
2, 3, 5, 11
What are the prime factors of 16867?
101, 167
List the prime factors of 23102.
2, 11551
List the prime factors of 177223.
177223
What are the prime factors of 50624?
2, 7, 113
List the prime factors of 14879.
14879
List the prime factors of 584.
2, 73
List the prime factors of 411.
3, 137
List the prime factors of 1703.
13, 131
What are the prime factors of 130676?
2, 7, 13, 359
List the prime factors of 931.
7, 19
What are the prime factors of 18879?
3, 7, 29, 31
List the prime factors of 582.
2, 3, 97
List the prime factors of 8829.
3, 109
List the prime factors of 65664.
2, 3, 19
What are the prime factors of 20826?
2, 3, 13, 89
List the prime factors of 32584.
2, 4073
List the prime factors of 585.
3, 5, 13
List the prime factors of 105034.
2, 52517
List the prime factors of 4538.
2, 2269
List the prime factors of 71958.
2, 3, 67, 179
List the prime factors of 3155.
5, 631
What are the prime factors of 16387?
7, 2341
List the prime factors of 88851.
3, 7, 4231
List the prime factors of 457.
457
List the prime factors of 63.
3, 7
List the prime factors of 1742.
2, 13, 67
List the prime factors of 132598.
2, 167, 397
What are the prime factors of 3807?
3, 47
What are the prime factors of 1369?
37
W